{"id":34477,"date":"2022-12-18T17:43:35","date_gmt":"2022-12-18T16:43:35","guid":{"rendered":"https:\/\/sarahmrl.com\/?post_type=product&#038;p=34477"},"modified":"2025-06-11T18:42:08","modified_gmt":"2025-06-11T16:42:08","slug":"lady-maria-2","status":"publish","type":"product","link":"https:\/\/sarahmrl.com\/index.php\/produit\/lady-maria-2\/","title":{"rendered":"Lady Maria (2)"},"content":{"rendered":"<p>Peinture acrylique de 100x100x3.5cm, sur toile !<\/p>\n<p>Cr\u00e9\u00e9e en 2020, cette peinture \u00e9tait ma premi\u00e8re de cette taille, avec un de mes personnages pr\u00e9f\u00e9r\u00e9s, Lady Maria de Bloodborne !<\/p>\n\n    <div class=\"xs_social_share_widget xs_share_url after_content \t\tmain_content  wslu-style-1 wslu-share-box-shaped wslu-fill-colored wslu-none wslu-share-horizontal wslu-theme-font-no wslu-main_content\">\n\n\t\t\n        <ul>\n\t\t\t        <\/ul>\n    <\/div> \n","protected":false},"excerpt":{"rendered":"<p>Peinture acrylique de 100x100x3.5cm, sur toile ! Cr\u00e9\u00e9e en 2020, cette peinture \u00e9tait ma premi\u00e8re de cette taille, avec un de mes personnages pr\u00e9f\u00e9r\u00e9s, Lady Maria de Bloodborne !<\/p>\n","protected":false},"featured_media":43653,"comment_status":"open","ping_status":"closed","template":"","meta":[],"product_brand":[],"product_cat":[124,140,99],"product_tag":[96,97],"class_list":{"0":"post-34477","1":"product","2":"type-product","3":"status-publish","4":"has-post-thumbnail","6":"product_cat-fromsoftware","7":"product_cat-originals","8":"product_cat-tous-les-produits","9":"product_tag-jeux-video","10":"product_tag-original","11":"product_shipping_class-originals","13":"entry","14":"has-media","16":"first","17":"instock","18":"featured","19":"shipping-taxable","20":"purchasable","21":"product-type-simple","22":"has-product-nav","23":"col","24":"span_1_of_3","25":"owp-content-center","26":"owp-thumbs-layout-vertical","27":"owp-btn-very-big","28":"owp-tabs-layout-horizontal","30":"circle-sale"},"_links":{"self":[{"href":"https:\/\/sarahmrl.com\/index.php\/wp-json\/wp\/v2\/product\/34477","targetHints":{"allow":["GET"]}}],"collection":[{"href":"https:\/\/sarahmrl.com\/index.php\/wp-json\/wp\/v2\/product"}],"about":[{"href":"https:\/\/sarahmrl.com\/index.php\/wp-json\/wp\/v2\/types\/product"}],"replies":[{"embeddable":true,"href":"https:\/\/sarahmrl.com\/index.php\/wp-json\/wp\/v2\/comments?post=34477"}],"version-history":[{"count":0,"href":"https:\/\/sarahmrl.com\/index.php\/wp-json\/wp\/v2\/product\/34477\/revisions"}],"wp:featuredmedia":[{"embeddable":true,"href":"https:\/\/sarahmrl.com\/index.php\/wp-json\/wp\/v2\/media\/43653"}],"wp:attachment":[{"href":"https:\/\/sarahmrl.com\/index.php\/wp-json\/wp\/v2\/media?parent=34477"}],"wp:term":[{"taxonomy":"product_brand","embeddable":true,"href":"https:\/\/sarahmrl.com\/index.php\/wp-json\/wp\/v2\/product_brand?post=34477"},{"taxonomy":"product_cat","embeddable":true,"href":"https:\/\/sarahmrl.com\/index.php\/wp-json\/wp\/v2\/product_cat?post=34477"},{"taxonomy":"product_tag","embeddable":true,"href":"https:\/\/sarahmrl.com\/index.php\/wp-json\/wp\/v2\/product_tag?post=34477"}],"curies":[{"name":"wp","href":"https:\/\/api.w.org\/{rel}","templated":true}]}}