{"id":44585,"date":"2025-02-24T22:11:07","date_gmt":"2025-02-24T21:11:07","guid":{"rendered":"https:\/\/sarahmrl.com\/?post_type=product&#038;p=44585"},"modified":"2025-09-10T16:10:49","modified_gmt":"2025-09-10T14:10:49","slug":"hobbit-house-2","status":"publish","type":"product","link":"https:\/\/sarahmrl.com\/index.php\/produit\/hobbit-house-2\/","title":{"rendered":"Hobbit House | Impression sur toile"},"content":{"rendered":"\n    <div class=\"xs_social_share_widget xs_share_url after_content \t\tmain_content  wslu-style-1 wslu-share-box-shaped wslu-fill-colored wslu-none wslu-share-horizontal wslu-theme-font-no wslu-main_content\">\n\n\t\t\n        <ul>\n\t\t\t        <\/ul>\n    <\/div> \n","protected":false},"excerpt":{"rendered":"<p data-start=\"60\" data-end=\"493\">Apportez une touche <strong>artistique<\/strong> \u00e0 vos murs avec une de mes peintures imprim\u00e9e sur<strong> toile mate<\/strong> ! Gr\u00e2ce \u00e0 une impression de <strong>haute qualit\u00e9<\/strong> sur un tissu en coton m\u00e9lang\u00e9 optimis\u00e9, cette toile offre une surface naturelle et mate. L&#8217;impression jet d&#8217;encre haute r\u00e9solution garantit des couleurs intenses et une clart\u00e9 exceptionnelle, gr\u00e2ce \u00e0 des encres Epson Ultrachrome\u00ae RS sans solvants.<\/p>\n<p data-start=\"495\" data-end=\"778\">Le ch\u00e2ssis en bois massif, assure une robustesse maximale, avec des coins renforc\u00e9s pour une stabilit\u00e9 parfaite. Pour l&#8217;exposition, un simple syst\u00e8me de fixation avec clous ou vis suffit, ou optez pour un encadrement caisse am\u00e9ricaine.<\/p>\n<p data-start=\"780\" data-end=\"928\" data-is-last-node=\"\" data-is-only-node=\"\">Disponible dans diff\u00e9rentes tailles, ce produit allie qualit\u00e9, design et durabilit\u00e9 pour sublimer vos espaces.<\/p>\n<p data-start=\"780\" data-end=\"928\" data-is-last-node=\"\" data-is-only-node=\"\"><strong><em>Les tailles propos\u00e9es sont des tailles standards et peuvent varier de quelques centim\u00e8tres en fonction de la taille du fichier d&#8217;origine.<\/em><\/strong><\/p>\n<ul>\n<li data-start=\"780\" data-end=\"928\"><em>Livraison : de 9 \u00e0 13 jours ouvr\u00e9s en fonction du pays de destination.<\/em><\/li>\n<\/ul>\n","protected":false},"featured_media":45809,"comment_status":"open","ping_status":"closed","template":"","meta":[],"product_brand":[],"product_cat":[176,120,99],"product_tag":[],"class_list":{"0":"post-44585","1":"product","2":"type-product","3":"status-publish","4":"has-post-thumbnail","6":"product_cat-impression-sur-toile","7":"product_cat-jrr-tolkien","8":"product_cat-tous-les-produits","9":"product_shipping_class-fine-art-print","11":"entry","12":"has-media","14":"first","15":"instock","16":"shipping-taxable","17":"purchasable","18":"product-type-variable","19":"has-default-attributes","20":"has-product-nav","21":"col","22":"span_1_of_3","23":"owp-content-center","24":"owp-thumbs-layout-vertical","25":"owp-btn-very-big","26":"owp-tabs-layout-horizontal","28":"circle-sale"},"_links":{"self":[{"href":"https:\/\/sarahmrl.com\/index.php\/wp-json\/wp\/v2\/product\/44585","targetHints":{"allow":["GET"]}}],"collection":[{"href":"https:\/\/sarahmrl.com\/index.php\/wp-json\/wp\/v2\/product"}],"about":[{"href":"https:\/\/sarahmrl.com\/index.php\/wp-json\/wp\/v2\/types\/product"}],"replies":[{"embeddable":true,"href":"https:\/\/sarahmrl.com\/index.php\/wp-json\/wp\/v2\/comments?post=44585"}],"version-history":[{"count":0,"href":"https:\/\/sarahmrl.com\/index.php\/wp-json\/wp\/v2\/product\/44585\/revisions"}],"wp:featuredmedia":[{"embeddable":true,"href":"https:\/\/sarahmrl.com\/index.php\/wp-json\/wp\/v2\/media\/45809"}],"wp:attachment":[{"href":"https:\/\/sarahmrl.com\/index.php\/wp-json\/wp\/v2\/media?parent=44585"}],"wp:term":[{"taxonomy":"product_brand","embeddable":true,"href":"https:\/\/sarahmrl.com\/index.php\/wp-json\/wp\/v2\/product_brand?post=44585"},{"taxonomy":"product_cat","embeddable":true,"href":"https:\/\/sarahmrl.com\/index.php\/wp-json\/wp\/v2\/product_cat?post=44585"},{"taxonomy":"product_tag","embeddable":true,"href":"https:\/\/sarahmrl.com\/index.php\/wp-json\/wp\/v2\/product_tag?post=44585"}],"curies":[{"name":"wp","href":"https:\/\/api.w.org\/{rel}","templated":true}]}}